{"id":1286,"date":"2024-04-23T12:39:34","date_gmt":"2024-04-23T10:39:34","guid":{"rendered":"http:\/\/www.gruene-wolfhagen.de\/?page_id=1286"},"modified":"2024-11-25T11:08:26","modified_gmt":"2024-11-25T10:08:26","slug":"umwelt","status":"publish","type":"page","link":"http:\/\/www.gruene-wolfhagen.de\/?page_id=1286","title":{"rendered":"Umwelt"},"content":{"rendered":"\n<p>Dunkelflaute. Das kann tats\u00e4chlich mal an ein paar Tagen eintreten und hat es schon gegeben. Wenige Tage, aber immerhin. Also, in ganz Deutschland zugezogener grauer Himmel und kein Wind. Neben Speicherkraftwerken ist es dann wichtig, dass Gaskraftwerke anspringen. Diese k\u00f6nnen kurzfristig hochgefahren werden und hohe Leistung bringen. Besonders wichtig ist dies, wenn Deutschland die Kohleverbrennung zur Stromerzeugung 2038 beenden will.<br>Da die Gaskraftwerke sogenannte Vorhaltekraftwerke sind, k\u00f6nnen sie nicht wirtschaftlich unterhalten werden.<br>Damit dies m\u00f6glich wird, will <strong>Robert Habeck<\/strong> ein entsprechendes Gesetz einbringen. Sinnvollerweise noch in 2024. Ob die CDU da mitgeht, oder aus wahl- und machttaktischen Spielchen heraus dies blockiert, ist fraglich. Fakt ist: An der erneuerbaren Energieversorgung und auch den sp\u00e4ter, mit Wasserstoff betreibbaren Gaskraftwerken f\u00fchrt kein Weg vorbei. Neue Atomkraftwerke h\u00e4tten Bauzeiten von 15 Jahren, w\u00e4ren extrem teuer und ihre Risiken, weshalb sie abgeschaltet wurden, sind weiter ungel\u00f6st. Kernfusion ist noch -wenn \u00fcberhaupt jemals- l\u00e4ngst nicht so weit. Da m\u00fcssten sich einige Politiker aus CDU\/FDP mal &#8222;ehrlich machen&#8220; (die AfD will russisches Gas, Braunkohle und Importkohle zur Energieerzeugung nutzen&#8230;).  Die Klimakrise verlangt aber jetzt zu handeln. Je fr\u00fcher man dies ber\u00fccksichtigt, desto besser.<\/p>\n\n\n\n<p>Wir haben eine Klimarelevanzpr\u00fcfung f\u00fcr alle st\u00e4dtische Beschaffungen und Investionsvorhaben initiiert. Das haben unsere Stadtverordneten in <strong>Wolfhagen<\/strong> gemacht. Auch dr\u00e4ngen wir Gr\u00fcnen die Stadtwerke\/Regionalwerke dazu, nicht zu warten, sondern jetzt in den Netzausbau zu investieren. Es kann nicht sein, dass Einwohner PV-Solaranlagen auf dem Dach haben, aber nicht einspeisen k\u00f6nnen, da die Netzbelastung zu hoch sei. Hier gibt es technische M\u00f6glichkeiten durch geschickte Regulierung von Spitzenwerten dies auch jetzt schon zu erm\u00f6glichen, statt sich hinter b\u00fcrokratisch ausgelegten Verordnungen wegzuducken. Wir Gr\u00fcnen machen da Druck im Stadtparlament.<\/p>\n\n\n\n<p>Die deutsche PV-Solarindustrie war mal <strong>Technologief\u00fchrer<\/strong> zu Zeiten als J\u00fcrgen Trittin von den Gr\u00fcnen Umweltminister war (1998 &#8211; 2005). Er inniitierte das Erneuerbare Energien Gesetz (EEG), welches einen Boom ausl\u00f6ste und ein echter Erfolg war. Ohne diesen Start w\u00e4ren wir heute nicht da, wo wir sind. Leider haben die nachfolgenden Umweltminister, wie z.B. Sigmar Gabriel, SPD, mit guten Beziehungen zur CO\u00b2-Energiewirtschaft, das EEG immer wieder nachteilig ver\u00e4ndert und so die Entwicklungschancen der deutschen Solarwirtschaft massiv behindert. Zahlreiche Insolvenzen, wie z.B. von &#8218;Solarworld&#8216; waren die Folge. Heute erfolgt die Technologief\u00fchrerschaft und \u00fcberwiegende Produktion von PV Anlagen durch China. Na, prima.<\/p>\n\n\n\n<p>Ein Land wie Frankreich, welches absolut auf die extrem teure Risikoenergie Atomstrom (der Preis von AKW produzierten Strom ist nur deshalb g\u00fcnstig, da die Investitionen und Entsorgungskosten nur zu Bruchteilen miteinflie\u00dfen) gesetzt hat, beneidet uns -hinter vorgehaltener Hand- um unseren fortgeschrittenen Ausbau an g\u00fcnstiger erneuerbare Energie. Besonders dann, wenn im Hochsommer AKWs abgeschaltet werden m\u00fcssen, da bei Niedrigwasser der Fl\u00fcsse die K\u00fchlung nicht mehr erfolgen kann. Der fehlende Strom wird dann \u00fcbrigens in Deutschland eingekauft. <\/p>\n\n\n\n<p><strong>Weitere Themen<\/strong>: Auenlandschaften, zum Hochwasserschutz. Eine hitzeresitenterer Stadtgestaltung (Stichwort: Schwammstadt), die Wiedervern\u00e4ssung von Mooren, f\u00f6rderung der Biodiversit\u00e4t und Kampf der Bodenversiegelung. Dss Klimaanpassungsgesetzt, durch die gr\u00fcne Umweltministerin eingebracht, macht Naturschutz und Renaturierung f\u00fcr jede Kommune verbindlich. Niemand kann mehr sagen, dass er mehr neue Fl\u00e4chen f\u00fcr Gewerbe oder landwirtschaft ausweisen kann, weil die Nachbargemeinde ja soviele Naturschutzprojekte hat.<\/p>\n\n\n\n<p><\/p>\n","protected":false},"excerpt":{"rendered":"<p>Dunkelflaute. Das kann tats\u00e4chlich mal an ein paar Tagen eintreten und hat es schon gegeben. Wenige Tage, aber immerhin. Also, in ganz Deutschland zugezogener grauer Himmel und kein Wind. Neben [&hellip;]<\/p>\n","protected":false},"author":3,"featured_media":0,"parent":18,"menu_order":0,"comment_status":"closed","ping_status":"closed","template":"","meta":{"ngg_post_thumbnail":0,"footnotes":""},"class_list":["post-1286","page","type-page","status-publish","hentry"],"_links":{"self":[{"href":"http:\/\/www.gruene-wolfhagen.de\/index.php?rest_route=\/wp\/v2\/pages\/1286","targetHints":{"allow":["GET"]}}],"collection":[{"href":"http:\/\/www.gruene-wolfhagen.de\/index.php?rest_route=\/wp\/v2\/pages"}],"about":[{"href":"http:\/\/www.gruene-wolfhagen.de\/index.php?rest_route=\/wp\/v2\/types\/page"}],"author":[{"embeddable":true,"href":"http:\/\/www.gruene-wolfhagen.de\/index.php?rest_route=\/wp\/v2\/users\/3"}],"replies":[{"embeddable":true,"href":"http:\/\/www.gruene-wolfhagen.de\/index.php?rest_route=%2Fwp%2Fv2%2Fcomments&post=1286"}],"version-history":[{"count":5,"href":"http:\/\/www.gruene-wolfhagen.de\/index.php?rest_route=\/wp\/v2\/pages\/1286\/revisions"}],"predecessor-version":[{"id":1328,"href":"http:\/\/www.gruene-wolfhagen.de\/index.php?rest_route=\/wp\/v2\/pages\/1286\/revisions\/1328"}],"up":[{"embeddable":true,"href":"http:\/\/www.gruene-wolfhagen.de\/index.php?rest_route=\/wp\/v2\/pages\/18"}],"wp:attachment":[{"href":"http:\/\/www.gruene-wolfhagen.de\/index.php?rest_route=%2Fwp%2Fv2%2Fmedia&parent=1286"}],"curies":[{"name":"wp","href":"https:\/\/api.w.org\/{rel}","templated":true}]}}

<p>Dunkelflaute. Das kann tatsächlich mal an ein paar Tagen eintreten und hat es schon gegeben. Wenige Tage, aber immerhin. Also, in ganz Deutschland zugezogener grauer Himmel und kein Wind. Neben Speicherkraftwerken ist es dann wichtig, dass Gaskraftwerke anspringen. Diese können kurzfristig hochgefahren werden und hohe Leistung bringen. Besonders wichtig ist dies, wenn Deutschland die Kohleverbrennung zur Stromerzeugung 2038 beenden will.<br>Da die Gaskraftwerke sogenannte Vorhaltekraftwerke sind, können sie nicht wirtschaftlich unterhalten werden.<br>Damit dies möglich wird, will <strong>Robert Habeck</strong> ein entsprechendes Gesetz einbringen. Sinnvollerweise noch in 2024. Ob die CDU da mitgeht, oder aus wahl- und machttaktischen Spielchen heraus dies blockiert, ist fraglich. Fakt ist: An der erneuerbaren Energieversorgung und auch den später, mit Wasserstoff betreibbaren Gaskraftwerken führt kein Weg vorbei. Neue Atomkraftwerke hätten Bauzeiten von 15 Jahren, wären extrem teuer und ihre Risiken, weshalb sie abgeschaltet wurden, sind weiter ungelöst. Kernfusion ist noch -wenn überhaupt jemals- längst nicht so weit. Da müssten sich einige Politiker aus CDU/FDP mal &#8222;ehrlich machen&#8220; (die AfD will russisches Gas, Braunkohle und Importkohle zur Energieerzeugung nutzen&#8230;).  Die Klimakrise verlangt aber jetzt zu handeln. Je früher man dies berücksichtigt, desto besser.</p>



<p>Wir haben eine Klimarelevanzprüfung für alle städtische Beschaffungen und Investionsvorhaben initiiert. Das haben unsere Stadtverordneten in <strong>Wolfhagen</strong> gemacht. Auch drängen wir Grünen die Stadtwerke/Regionalwerke dazu, nicht zu warten, sondern jetzt in den Netzausbau zu investieren. Es kann nicht sein, dass Einwohner PV-Solaranlagen auf dem Dach haben, aber nicht einspeisen können, da die Netzbelastung zu hoch sei. Hier gibt es technische Möglichkeiten durch geschickte Regulierung von Spitzenwerten dies auch jetzt schon zu ermöglichen, statt sich hinter bürokratisch ausgelegten Verordnungen wegzuducken. Wir Grünen machen da Druck im Stadtparlament.</p>



<p>Die deutsche PV-Solarindustrie war mal <strong>Technologieführer</strong> zu Zeiten als Jürgen Trittin von den Grünen Umweltminister war (1998 &#8211; 2005). Er inniitierte das Erneuerbare Energien Gesetz (EEG), welches einen Boom auslöste und ein echter Erfolg war. Ohne diesen Start wären wir heute nicht da, wo wir sind. Leider haben die nachfolgenden Umweltminister, wie z.B. Sigmar Gabriel, SPD, mit guten Beziehungen zur CO²-Energiewirtschaft, das EEG immer wieder nachteilig verändert und so die Entwicklungschancen der deutschen Solarwirtschaft massiv behindert. Zahlreiche Insolvenzen, wie z.B. von &#8218;Solarworld&#8216; waren die Folge. Heute erfolgt die Technologieführerschaft und überwiegende Produktion von PV Anlagen durch China. Na, prima.</p>



<p>Ein Land wie Frankreich, welches absolut auf die extrem teure Risikoenergie Atomstrom (der Preis von AKW produzierten Strom ist nur deshalb günstig, da die Investitionen und Entsorgungskosten nur zu Bruchteilen miteinfließen) gesetzt hat, beneidet uns -hinter vorgehaltener Hand- um unseren fortgeschrittenen Ausbau an günstiger erneuerbare Energie. Besonders dann, wenn im Hochsommer AKWs abgeschaltet werden müssen, da bei Niedrigwasser der Flüsse die Kühlung nicht mehr erfolgen kann. Der fehlende Strom wird dann übrigens in Deutschland eingekauft. </p>



<p><strong>Weitere Themen</strong>: Auenlandschaften, zum Hochwasserschutz. Eine hitzeresitenterer Stadtgestaltung (Stichwort: Schwammstadt), die Wiedervernässung von Mooren, förderung der Biodiversität und Kampf der Bodenversiegelung. Dss Klimaanpassungsgesetzt, durch die grüne Umweltministerin eingebracht, macht Naturschutz und Renaturierung für jede Kommune verbindlich. Niemand kann mehr sagen, dass er mehr neue Flächen für Gewerbe oder landwirtschaft ausweisen kann, weil die Nachbargemeinde ja soviele Naturschutzprojekte hat.</p>



<p></p>

<p>Dunkelflaute. Das kann tatsächlich mal an ein paar Tagen eintreten und hat es schon gegeben. Wenige Tage, aber immerhin. Also, in ganz Deutschland zugezogener grauer Himmel und kein Wind. Neben [&hellip;]</p>
