{"id":1461,"date":"2026-01-30T11:32:26","date_gmt":"2026-01-30T10:32:26","guid":{"rendered":"http:\/\/www.gruene-wolfhagen.de\/?page_id=1461"},"modified":"2026-02-09T21:10:31","modified_gmt":"2026-02-09T20:10:31","slug":"kommunalwahl-2026","status":"publish","type":"page","link":"http:\/\/www.gruene-wolfhagen.de\/?page_id=1461","title":{"rendered":"Kommunalwahl 2026:"},"content":{"rendered":"\n<p class=\"has-gray-background-color has-background\">Guten Tag. Am 10. Dez..2025 stellten wir, GR\u00dcNE Wolfhagen, unsere offene Liste der Kandidaten f\u00fcr das Stadtparlament auf. Unter den ersten sechs Listenpl\u00e4tze kandidieren drei Frauen. Das ist klasse! Mit ihrer besonderen kommunalpolitische Erfahrung sind Franziska Schlag (Stadtentwicklung \/ Klimaschutz) und Angelika Scharfe (Verkehrskonzepte \/ Radverkehr) ganz vorne dabei. <br>Wir freuen uns dar\u00fcber, dass die neu hinzugekommenen Bewerber, Corinna Nieland (Ern\u00e4hrungswissenschaftlerin \/ \u00d6kologie) und Reinhard Kuhaupt (Versorgungsingenieur) mit ihren beruflichen Qualifikationen die Arbeit in Fraktion und Stadtverordnetenversammlung bereichern k\u00f6nnen.<br>Bereits beim B\u00fcrgerstammtisch im Nov. 2025 informierten unsere aktuellen gr\u00fcnen Stadtverordneten \u00fcber ihre bisher gleistete Arbeit. Die Solarpflicht in Gewerbegebieten, der Ausbau sicherer Radwege, Klimaschutz bei allen kommunalen Investitionen beachten, Arten- und Landschaftsschutz (Fl\u00e4chenverbrauch!) oder der Einsatz f\u00fcr eine lebenswerte, aktive Innenstadt waren Themen, die wir GR\u00dcNEN ins Stadtparlament einbrachten und mit denen wir &#8211; teils in Kooperation mit unterschiedlichen anderen Fraktionen- durchaus erfolgreich waren.<\/p>\n\n\n\n<p class=\"has-cyan-bluish-gray-background-color has-background\"><strong>Unsere Kandidatinnen und Kandidaten f\u00fcr ein starkes, lebenswertes Wolfhagen sind: <\/strong><br>Franziska Schlag (Wolfhagen), Ted Blumenstein (Wolfhagen), Angelika Scharfe (Br\u00fcndersen), Reinhard Kuhaupt (Altenhasungen), Corinna Nieland (Wolfhagen), Artur Sch\u00f6neburg (Wolfhagen), Christina Kleyer Philippinenburg), Ulf Jung-Kleyer (Philippinenburg), Gisela Kruse (Istha), Markus Tripp (Wenigenhasungen), Roman Krettek (Wolfhagen), Walter Heimerl (Wolfhagen)<\/p>\n\n\n\n<p class=\"has-text-align-center has-black-color has-grashalm-background-color has-text-color has-background has-link-color wp-elements-71f492a2cd385c58e839fbc1f642c8f0\"><strong>Statements der Kandidatinnen und Kandidaten, Wahlprogramm und vieles mehr findet man hier: <br>                                                                 &#8222;Politik f\u00fcr Wolfhagen&#8220;<\/strong><\/p>\n","protected":false},"excerpt":{"rendered":"<p>Guten Tag. Am 10. Dez..2025 stellten wir, GR\u00dcNE Wolfhagen, unsere offene Liste der Kandidaten f\u00fcr das Stadtparlament auf. Unter den ersten sechs Listenpl\u00e4tze kandidieren drei Frauen. Das ist klasse! Mit [&hellip;]<\/p>\n","protected":false},"author":3,"featured_media":1426,"parent":1344,"menu_order":0,"comment_status":"closed","ping_status":"closed","template":"","meta":{"ngg_post_thumbnail":0,"footnotes":""},"class_list":["post-1461","page","type-page","status-publish","has-post-thumbnail","hentry"],"_links":{"self":[{"href":"http:\/\/www.gruene-wolfhagen.de\/index.php?rest_route=\/wp\/v2\/pages\/1461","targetHints":{"allow":["GET"]}}],"collection":[{"href":"http:\/\/www.gruene-wolfhagen.de\/index.php?rest_route=\/wp\/v2\/pages"}],"about":[{"href":"http:\/\/www.gruene-wolfhagen.de\/index.php?rest_route=\/wp\/v2\/types\/page"}],"author":[{"embeddable":true,"href":"http:\/\/www.gruene-wolfhagen.de\/index.php?rest_route=\/wp\/v2\/users\/3"}],"replies":[{"embeddable":true,"href":"http:\/\/www.gruene-wolfhagen.de\/index.php?rest_route=%2Fwp%2Fv2%2Fcomments&post=1461"}],"version-history":[{"count":8,"href":"http:\/\/www.gruene-wolfhagen.de\/index.php?rest_route=\/wp\/v2\/pages\/1461\/revisions"}],"predecessor-version":[{"id":1542,"href":"http:\/\/www.gruene-wolfhagen.de\/index.php?rest_route=\/wp\/v2\/pages\/1461\/revisions\/1542"}],"up":[{"embeddable":true,"href":"http:\/\/www.gruene-wolfhagen.de\/index.php?rest_route=\/wp\/v2\/pages\/1344"}],"wp:featuredmedia":[{"embeddable":true,"href":"http:\/\/www.gruene-wolfhagen.de\/index.php?rest_route=\/wp\/v2\/media\/1426"}],"wp:attachment":[{"href":"http:\/\/www.gruene-wolfhagen.de\/index.php?rest_route=%2Fwp%2Fv2%2Fmedia&parent=1461"}],"curies":[{"name":"wp","href":"https:\/\/api.w.org\/{rel}","templated":true}]}}

<p class="has-gray-background-color has-background">Guten Tag. Am 10. Dez..2025 stellten wir, GRÜNE Wolfhagen, unsere offene Liste der Kandidaten für das Stadtparlament auf. Unter den ersten sechs Listenplätze kandidieren drei Frauen. Das ist klasse! Mit ihrer besonderen kommunalpolitische Erfahrung sind Franziska Schlag (Stadtentwicklung / Klimaschutz) und Angelika Scharfe (Verkehrskonzepte / Radverkehr) ganz vorne dabei. <br>Wir freuen uns darüber, dass die neu hinzugekommenen Bewerber, Corinna Nieland (Ernährungswissenschaftlerin / Ökologie) und Reinhard Kuhaupt (Versorgungsingenieur) mit ihren beruflichen Qualifikationen die Arbeit in Fraktion und Stadtverordnetenversammlung bereichern können.<br>Bereits beim Bürgerstammtisch im Nov. 2025 informierten unsere aktuellen grünen Stadtverordneten über ihre bisher gleistete Arbeit. Die Solarpflicht in Gewerbegebieten, der Ausbau sicherer Radwege, Klimaschutz bei allen kommunalen Investitionen beachten, Arten- und Landschaftsschutz (Flächenverbrauch!) oder der Einsatz für eine lebenswerte, aktive Innenstadt waren Themen, die wir GRÜNEN ins Stadtparlament einbrachten und mit denen wir &#8211; teils in Kooperation mit unterschiedlichen anderen Fraktionen- durchaus erfolgreich waren.</p>



<p class="has-cyan-bluish-gray-background-color has-background"><strong>Unsere Kandidatinnen und Kandidaten für ein starkes, lebenswertes Wolfhagen sind: </strong><br>Franziska Schlag (Wolfhagen), Ted Blumenstein (Wolfhagen), Angelika Scharfe (Bründersen), Reinhard Kuhaupt (Altenhasungen), Corinna Nieland (Wolfhagen), Artur Schöneburg (Wolfhagen), Christina Kleyer Philippinenburg), Ulf Jung-Kleyer (Philippinenburg), Gisela Kruse (Istha), Markus Tripp (Wenigenhasungen), Roman Krettek (Wolfhagen), Walter Heimerl (Wolfhagen)</p>



<p class="has-text-align-center has-black-color has-grashalm-background-color has-text-color has-background has-link-color wp-elements-71f492a2cd385c58e839fbc1f642c8f0"><strong>Statements der Kandidatinnen und Kandidaten, Wahlprogramm und vieles mehr findet man hier: <br>                                                                 &#8222;Politik für Wolfhagen&#8220;</strong></p>

<p>Guten Tag. Am 10. Dez..2025 stellten wir, GRÜNE Wolfhagen, unsere offene Liste der Kandidaten für das Stadtparlament auf. Unter den ersten sechs Listenplätze kandidieren drei Frauen. Das ist klasse! Mit [&hellip;]</p>
