{"id":1514,"date":"2026-02-09T17:01:45","date_gmt":"2026-02-09T16:01:45","guid":{"rendered":"http:\/\/www.gruene-wolfhagen.de\/?page_id=1514"},"modified":"2026-02-09T17:01:46","modified_gmt":"2026-02-09T16:01:46","slug":"die-arbeit-der-gruenen-stadtverordnetenfraktion-2021-2026","status":"publish","type":"page","link":"http:\/\/www.gruene-wolfhagen.de\/?page_id=1514","title":{"rendered":"Die Arbeit der GR\u00dcNEN Stadtverordnetenfraktion 2021 &#8211; 2026"},"content":{"rendered":"\n<p>Hier gibt es eine \u00dcbersicht \u00fcber Beschl\u00fcsse und Anfrageoptionen, initiert durch unsere gr\u00fcnen Stadtverordneten:<br><br><em>> Bebauungsplan: 50% der Dachfl\u00e4chen (Neubau) mit Photovoltaik nutzen<br>> initiative f\u00fcr die Gr\u00fcndung der Rad-AG durch unseren Antrag. Die \u00fcberparteiliche Rad-AG wurde sehr <br>   erfolgreich uns erreichte bspw.. dass ein Radweg ab Bahnhof zur Oleim\u00fchle jetzt realisiert wird.<br>> Klare Budgets f\u00fcr den Radwegebau wurden im Haushaltsplan verankert.<br>> Antrag auf den Einsatz von Pestiziden\/Fungiziden auf \u00f6ffentlichen st\u00e4dtischen Fl\u00e4chen zu verzichten<br>> Antrag zur Verbesserung der Verkehrssicherheit am Kreisel Kurf\u00fcrstenstra\u00dfe.<br>> Antrag auf Erhalt stadtbildpr\u00e4gender Fachwerkh\u00e4user. Dazu kompetenten Plan zur Innenstadtgestaltung <br>   vorgelegt und Aktivierung zur Nutzung des st\u00e4dt. Vorkaufsrechts.<br>> Anfrage zur allgemeinen Verkehrs\u00fcberwachung.<br>> Antrag zum Klimaschutzmanagement \/ Klimarelevanzpr\u00fcfung f\u00fcr alle neuen st\u00e4dt. Investitionen erreicht.<br>> Antrag auf Erweiterung der Einspeiseleistungen f\u00fcr private PHotovoltaikanlagen. <br>> Antrag zum Beitritt Wolfhagens zur Initiative &#8222;Lebenswerte St\u00e4dte&#8220; um per Selbstbestimmung der Stadt <br>   inner\u00f6rtliche Geschwindigkeitsregelungen treffen zu k\u00f6nnen.<br>> Antrag zum Schutz von Flora und Fauna: Ma\u00dfnahmen zum Kr\u00f6tenschutz und st\u00e4dt. Pachtvertr\u00e4ge mit der <br>   Voraussetzung auf Fungizide\/Herbizide zu verzichten, verkn\u00fcpfen.<br>> Antrag bei den Stra\u00dfenausbaubeitr\u00e4gen eine sogenannte Quartiersl\u00f6sung einzuf\u00fchren. Damit werden die <br>   Mieter nicht belastet und alle Eigent\u00fcmer im Quartier ( = Siedlungsbereich) verteilen sich die Kosten auf <br>   geringere, wiederkehrende Beitr\u00e4ge. Die Abrechnungsmethodik einer Ma\u00dfnahme \u00e4ndert sich nicht, aber die <br>   Verteilung der Kosten. Ein Dorf ist bspw. ein Quartier. Daraus ergeben sich auch bessere <br>   Mitsprachem\u00f6glichkeiten \/ Abstimmungen \u00fcber die evtl. anstehenden Stra\u00dfensanierungen. <br>> Antrag auf Anpassung der Marktplatzgestaltung unter dem Aspekt des Hitzeschutzes f\u00fcr die Bev\u00f6lkerung in   <br>   hei\u00dfen Sommern.<br>> Anfrage zum Fl\u00e4chennutzungsplan (Regionalplan)<br>> Anfrage zum Sch\u00fcler\/Sch\u00fclerinnentransport Philippinental &#8211; Wolfhagen<br>> Anfrage zum Zustand der Sch\u00fctzeberger Stra\u00dfe und der Eichenstra\u00dfe, Kurve Holunderweg und des <br>   Gehweges Apfeltrift ab kreuzung Steinadlerweg\/Uhlandstra\u00dfe.<br>> Antrag auf Transparenz. Die Vorlagen f\u00fcr Aussch\u00fcsse und f\u00fcr das Stadtparlament sollen mit vollem Inhalt <br>   (Ausnahme: nicht\u00f6ffentliche Themen nach HGO) auf der Webseite des Rathauses einsehbar sein (bisher nur <br>   \u00dcberschriften)<br><\/em><br>Die Liste ist nicht vollst\u00e4ndig. <br>Sie soll nur dazu dienen, einen \u00dcberblick \u00fcber die kommunalpolitische Arbeit der GR\u00dcNEN in Wolfhagen zu erm\u00f6glichen.<br><br><\/p>\n\n\n\n<p><\/p>\n","protected":false},"excerpt":{"rendered":"<p>Hier gibt es eine \u00dcbersicht \u00fcber Beschl\u00fcsse und Anfrageoptionen, initiert durch unsere gr\u00fcnen Stadtverordneten: > Bebauungsplan: 50% der Dachfl\u00e4chen (Neubau) mit Photovoltaik nutzen> initiative f\u00fcr die Gr\u00fcndung der Rad-AG durch [&hellip;]<\/p>\n","protected":false},"author":3,"featured_media":0,"parent":0,"menu_order":0,"comment_status":"closed","ping_status":"closed","template":"","meta":{"ngg_post_thumbnail":0,"footnotes":""},"class_list":["post-1514","page","type-page","status-publish","hentry"],"_links":{"self":[{"href":"http:\/\/www.gruene-wolfhagen.de\/index.php?rest_route=\/wp\/v2\/pages\/1514","targetHints":{"allow":["GET"]}}],"collection":[{"href":"http:\/\/www.gruene-wolfhagen.de\/index.php?rest_route=\/wp\/v2\/pages"}],"about":[{"href":"http:\/\/www.gruene-wolfhagen.de\/index.php?rest_route=\/wp\/v2\/types\/page"}],"author":[{"embeddable":true,"href":"http:\/\/www.gruene-wolfhagen.de\/index.php?rest_route=\/wp\/v2\/users\/3"}],"replies":[{"embeddable":true,"href":"http:\/\/www.gruene-wolfhagen.de\/index.php?rest_route=%2Fwp%2Fv2%2Fcomments&post=1514"}],"version-history":[{"count":2,"href":"http:\/\/www.gruene-wolfhagen.de\/index.php?rest_route=\/wp\/v2\/pages\/1514\/revisions"}],"predecessor-version":[{"id":1516,"href":"http:\/\/www.gruene-wolfhagen.de\/index.php?rest_route=\/wp\/v2\/pages\/1514\/revisions\/1516"}],"wp:attachment":[{"href":"http:\/\/www.gruene-wolfhagen.de\/index.php?rest_route=%2Fwp%2Fv2%2Fmedia&parent=1514"}],"curies":[{"name":"wp","href":"https:\/\/api.w.org\/{rel}","templated":true}]}}

Die Arbeit der GRÜNEN Stadtverordnetenfraktion 2021 &#8211; 2026

<p>Hier gibt es eine Übersicht über Beschlüsse und Anfrageoptionen, initiert durch unsere grünen Stadtverordneten:<br><br><em>> Bebauungsplan: 50% der Dachflächen (Neubau) mit Photovoltaik nutzen<br>> initiative für die Gründung der Rad-AG durch unseren Antrag. Die überparteiliche Rad-AG wurde sehr <br>   erfolgreich uns erreichte bspw.. dass ein Radweg ab Bahnhof zur Oleimühle jetzt realisiert wird.<br>> Klare Budgets für den Radwegebau wurden im Haushaltsplan verankert.<br>> Antrag auf den Einsatz von Pestiziden/Fungiziden auf öffentlichen städtischen Flächen zu verzichten<br>> Antrag zur Verbesserung der Verkehrssicherheit am Kreisel Kurfürstenstraße.<br>> Antrag auf Erhalt stadtbildprägender Fachwerkhäuser. Dazu kompetenten Plan zur Innenstadtgestaltung <br>   vorgelegt und Aktivierung zur Nutzung des städt. Vorkaufsrechts.<br>> Anfrage zur allgemeinen Verkehrsüberwachung.<br>> Antrag zum Klimaschutzmanagement / Klimarelevanzprüfung für alle neuen städt. Investitionen erreicht.<br>> Antrag auf Erweiterung der Einspeiseleistungen für private PHotovoltaikanlagen. <br>> Antrag zum Beitritt Wolfhagens zur Initiative &#8222;Lebenswerte Städte&#8220; um per Selbstbestimmung der Stadt <br>   innerörtliche Geschwindigkeitsregelungen treffen zu können.<br>> Antrag zum Schutz von Flora und Fauna: Maßnahmen zum Krötenschutz und städt. Pachtverträge mit der <br>   Voraussetzung auf Fungizide/Herbizide zu verzichten, verknüpfen.<br>> Antrag bei den Straßenausbaubeiträgen eine sogenannte Quartierslösung einzuführen. Damit werden die <br>   Mieter nicht belastet und alle Eigentümer im Quartier ( = Siedlungsbereich) verteilen sich die Kosten auf <br>   geringere, wiederkehrende Beiträge. Die Abrechnungsmethodik einer Maßnahme ändert sich nicht, aber die <br>   Verteilung der Kosten. Ein Dorf ist bspw. ein Quartier. Daraus ergeben sich auch bessere <br>   Mitsprachemöglichkeiten / Abstimmungen über die evtl. anstehenden Straßensanierungen. <br>> Antrag auf Anpassung der Marktplatzgestaltung unter dem Aspekt des Hitzeschutzes für die Bevölkerung in   <br>   heißen Sommern.<br>> Anfrage zum Flächennutzungsplan (Regionalplan)<br>> Anfrage zum Schüler/Schülerinnentransport Philippinental &#8211; Wolfhagen<br>> Anfrage zum Zustand der Schützeberger Straße und der Eichenstraße, Kurve Holunderweg und des <br>   Gehweges Apfeltrift ab kreuzung Steinadlerweg/Uhlandstraße.<br>> Antrag auf Transparenz. Die Vorlagen für Ausschüsse und für das Stadtparlament sollen mit vollem Inhalt <br>   (Ausnahme: nichtöffentliche Themen nach HGO) auf der Webseite des Rathauses einsehbar sein (bisher nur <br>   Überschriften)<br></em><br>Die Liste ist nicht vollständig. <br>Sie soll nur dazu dienen, einen Überblick über die kommunalpolitische Arbeit der GRÜNEN in Wolfhagen zu ermöglichen.<br><br></p>



<p></p>

<p>Hier gibt es eine Übersicht über Beschlüsse und Anfrageoptionen, initiert durch unsere grünen Stadtverordneten: > Bebauungsplan: 50% der Dachflächen (Neubau) mit Photovoltaik nutzen> initiative für die Gründung der Rad-AG durch [&hellip;]</p>
